[INFO] cloning repository https://github.com/Kaleb47/Smart-Pointers
[INFO] running `Command { std: "git" "-c" "credential.helper=" "-c" "credential.helper=/workspace/cargo-home/bin/git-credential-null" "clone" "--bare" "https://github.com/Kaleb47/Smart-Pointers" "/workspace/cache/git-repos/https%3A%2F%2Fgithub.com%2FKaleb47%2FSmart-Pointers", kill_on_drop: false }`
[INFO] [stderr] Cloning into bare repository '/workspace/cache/git-repos/https%3A%2F%2Fgithub.com%2FKaleb47%2FSmart-Pointers'...
[INFO] running `Command { std: "git" "rev-parse" "HEAD", kill_on_drop: false }`
[INFO] [stdout] b69cf273ca047a7073f0d4eda3959ffc6add15bb
[INFO] checking Kaleb47/Smart-Pointers against master#e6e4f7ed1589e03bc2f6c5931c1a72e7947e8682 for beta-170-4
[INFO] running `Command { std: "git" "clone" "/workspace/cache/git-repos/https%3A%2F%2Fgithub.com%2FKaleb47%2FSmart-Pointers" "/workspace/builds/worker-5-tc2/source", kill_on_drop: false }`
[INFO] [stderr] Cloning into '/workspace/builds/worker-5-tc2/source'...
[INFO] [stderr] done.
[INFO] validating manifest of git repo https://github.com/Kaleb47/Smart-Pointers on toolchain e6e4f7ed1589e03bc2f6c5931c1a72e7947e8682
[INFO] running `Command { std: CARGO_HOME="/workspace/cargo-home" RUSTUP_HOME="/workspace/rustup-home" "/workspace/cargo-home/bin/cargo" "+e6e4f7ed1589e03bc2f6c5931c1a72e7947e8682" "metadata" "--manifest-path" "Cargo.toml" "--no-deps", kill_on_drop: false }`
[INFO] started tweaking git repo https://github.com/Kaleb47/Smart-Pointers
[INFO] finished tweaking git repo https://github.com/Kaleb47/Smart-Pointers
[INFO] tweaked toml for git repo https://github.com/Kaleb47/Smart-Pointers written to /workspace/builds/worker-5-tc2/source/Cargo.toml
[INFO] crate git repo https://github.com/Kaleb47/Smart-Pointers already has a lockfile, it will not be regenerated
[INFO] running `Command { std: CARGO_HOME="/workspace/cargo-home" RUSTUP_HOME="/workspace/rustup-home" "/workspace/cargo-home/bin/cargo" "+e6e4f7ed1589e03bc2f6c5931c1a72e7947e8682" "fetch" "--manifest-path" "Cargo.toml", kill_on_drop: false }`
[INFO] running `Command { std: "docker" "create" "-v" "/var/lib/crater-agent-workspace/builds/worker-5-tc2/target:/opt/rustwide/target:rw,Z" "-v" "/var/lib/crater-agent-workspace/builds/worker-5-tc2/source:/opt/rustwide/workdir:ro,Z" "-v" "/var/lib/crater-agent-workspace/cargo-home:/opt/rustwide/cargo-home:ro,Z" "-v" "/var/lib/crater-agent-workspace/rustup-home:/opt/rustwide/rustup-home:ro,Z" "-e" "SOURCE_DIR=/opt/rustwide/workdir" "-e" "CARGO_TARGET_DIR=/opt/rustwide/target" "-e" "CARGO_HOME=/opt/rustwide/cargo-home" "-e" "RUSTUP_HOME=/opt/rustwide/rustup-home" "-w" "/opt/rustwide/workdir" "-m" "1610612736" "--user" "0:0" "--network" "none" "ghcr.io/rust-lang/crates-build-env/linux@sha256:19e73879b68f455e41552ea35293514db52ea292d993f571636dbffedb77a1ee" "/opt/rustwide/cargo-home/bin/cargo" "+e6e4f7ed1589e03bc2f6c5931c1a72e7947e8682" "metadata" "--no-deps" "--format-version=1", kill_on_drop: false }`
[INFO] [stdout] 9d7342e70216f6047515e292afd00cd22ca9c99ce3283a662491e50e3882fe71
[INFO] running `Command { std: "docker" "start" "-a" "9d7342e70216f6047515e292afd00cd22ca9c99ce3283a662491e50e3882fe71", kill_on_drop: false }`
[INFO] running `Command { std: "docker" "inspect" "9d7342e70216f6047515e292afd00cd22ca9c99ce3283a662491e50e3882fe71", kill_on_drop: false }`
[INFO] running `Command { std: "docker" "rm" "-f" "9d7342e70216f6047515e292afd00cd22ca9c99ce3283a662491e50e3882fe71", kill_on_drop: false }`
[INFO] [stdout] 9d7342e70216f6047515e292afd00cd22ca9c99ce3283a662491e50e3882fe71
[INFO] running `Command { std: "docker" "create" "-v" "/var/lib/crater-agent-workspace/builds/worker-5-tc2/target:/opt/rustwide/target:rw,Z" "-v" "/var/lib/crater-agent-workspace/builds/worker-5-tc2/source:/opt/rustwide/workdir:ro,Z" "-v" "/var/lib/crater-agent-workspace/cargo-home:/opt/rustwide/cargo-home:ro,Z" "-v" "/var/lib/crater-agent-workspace/rustup-home:/opt/rustwide/rustup-home:ro,Z" "-e" "SOURCE_DIR=/opt/rustwide/workdir" "-e" "CARGO_TARGET_DIR=/opt/rustwide/target" "-e" "CARGO_INCREMENTAL=0" "-e" "RUST_BACKTRACE=full" "-e" "RUSTFLAGS=--cap-lints=forbid" "-e" "RUSTDOCFLAGS=--cap-lints=forbid" "-e" "CARGO_HOME=/opt/rustwide/cargo-home" "-e" "RUSTUP_HOME=/opt/rustwide/rustup-home" "-w" "/opt/rustwide/workdir" "-m" "1610612736" "--user" "0:0" "--network" "none" "ghcr.io/rust-lang/crates-build-env/linux@sha256:19e73879b68f455e41552ea35293514db52ea292d993f571636dbffedb77a1ee" "/opt/rustwide/cargo-home/bin/cargo" "+e6e4f7ed1589e03bc2f6c5931c1a72e7947e8682" "check" "--frozen" "--all" "--all-targets" "--message-format=json", kill_on_drop: false }`
[INFO] [stdout] 3e1d02f0f1646a6c905525c4799f992515b80bf51854eabcedae13dde45be87c
[INFO] running `Command { std: "docker" "start" "-a" "3e1d02f0f1646a6c905525c4799f992515b80bf51854eabcedae13dde45be87c", kill_on_drop: false }`
[INFO] [stderr]     Checking my-project v0.1.0 (/opt/rustwide/workdir)
[INFO] [stdout] error[E0432]: unresolved import `crate::List`
[INFO] [stdout]  --> src/main.rs:8:12
[INFO] [stdout]   |
[INFO] [stdout] 8 | use crate::List::{Cons, Nil};
[INFO] [stdout]   |            ^^^^ could not find `List` in the crate root
[INFO] [stdout] 
[INFO] [stdout] 
[INFO] [stdout] error[E0432]: unresolved import `crate::List`
[INFO] [stdout]  --> src/main.rs:8:12
[INFO] [stdout]   |
[INFO] [stdout] 8 | use crate::List::{Cons, Nil};
[INFO] [stdout]   |            ^^^^ could not find `List` in the crate root
[INFO] [stdout] 
[INFO] [stdout] 
[INFO] [stdout] error[E0412]: cannot find type `List` in this scope
[INFO] [stdout]  --> src/main.rs:3:17
[INFO] [stdout]   |
[INFO] [stdout] 3 |   Cons(i32, Box<List>),
[INFO] [stdout]   |                 ^^^^ not found in this scope
[INFO] [stdout]   |
[INFO] [stdout] help: you might be missing a type parameter
[INFO] [stdout]   |
[INFO] [stdout] 2 | enum Message<List> {
[INFO] [stdout]   |             ++++++
[INFO] [stdout] 
[INFO] [stdout] 
[INFO] [stdout] error[E0412]: cannot find type `List` in this scope
[INFO] [stdout]  --> src/main.rs:3:17
[INFO] [stdout]   |
[INFO] [stdout] 3 |   Cons(i32, Box<List>),
[INFO] [stdout]   |                 ^^^^ not found in this scope
[INFO] [stdout]   |
[INFO] [stdout] help: you might be missing a type parameter
[INFO] [stdout]   |
[INFO] [stdout] 2 | enum Message<List> {
[INFO] [stdout]   |             ++++++
[INFO] [stdout] 
[INFO] [stdout] 
[INFO] [stdout] error: aborting due to 2 previous errors
[INFO] [stdout] 
[INFO] [stdout] 
[INFO] [stdout] Some errors have detailed explanations: E0412, E0432.
[INFO] [stdout] 
[INFO] [stdout] For more information about an error, try `rustc --explain E0412`.
[INFO] [stdout] 
[INFO] [stdout] error: aborting due to 2 previous errors
[INFO] [stdout] 
[INFO] [stdout] 
[INFO] [stdout] Some errors have detailed explanations: E0412, E0432.
[INFO] [stdout] 
[INFO] [stdout] For more information about an error, try `rustc --explain E0412`.
[INFO] [stdout] 
[INFO] [stderr] error: could not compile `my-project` (bin "my-project") due to 3 previous errors
[INFO] [stderr] warning: build failed, waiting for other jobs to finish...
[INFO] [stderr] error: could not compile `my-project` (bin "my-project" test) due to 3 previous errors
[INFO] running `Command { std: "docker" "inspect" "3e1d02f0f1646a6c905525c4799f992515b80bf51854eabcedae13dde45be87c", kill_on_drop: false }`
[INFO] running `Command { std: "docker" "rm" "-f" "3e1d02f0f1646a6c905525c4799f992515b80bf51854eabcedae13dde45be87c", kill_on_drop: false }`
[INFO] [stdout] 3e1d02f0f1646a6c905525c4799f992515b80bf51854eabcedae13dde45be87c
